5 and 20?
5
What is the highest common factor of 8283 and 22?
11
What is the greatest common divisor of 735 and 4704?
147
What is the highest common factor of 630 and 90?
90
What is the greatest common divisor of 72 and 576?
72
Calculate the greatest common divisor of 44713 and 122.
61
Calculate the greatest common divisor of 328 and 3649.
41
What is the greatest common factor of 902 and 44?
22
What is the highest common divisor of 33972 and 114?
114
What is the greatest common factor of 7488 and 16?
16
Calculate the highest common divisor of 407 and 99.
11
Calculate the highest common divisor of 196 and 28.
28
What is the greatest common factor of 423 and 94?
47
What is the greatest common divisor of 10 and 2710?
10
What is the greatest common divisor of 21 and 56?
7
What is the greatest common divisor of 35 and 112?
7
Calculate the highest common divisor of 243 and 3051.
27
Calculate the highest common factor of 18 and 3114.
18
What is the greatest common factor of 616 and 88?
88
Calculate the greatest common divisor of 8 and 2216.
8
Calculate the highest common factor of 50 and 250.
50
What is the highest common divisor of 60006 and 137?
137
Calculate the greatest common factor of 4 and 86.
2
What is the highest common factor of 2121 and 42?
21
What is the greatest common divisor of 166 and 8964?
166
Calculate the greatest common factor of 9990 and 162.
54
What is the highest common factor of 12 and 34?
2
What is the greatest common factor of 120 and 180?
60
What is the greatest common divisor of 28 and 98?
14
What is the highest common divisor of 8 and 508?
4
What is the highest common factor of 472 and 12862?
118
Calculate the greatest common factor of 198 and 12.
6
Calculate the highest common divisor of 8721 and 54.
27
Calculate the highest common factor of 915 and 270.
15
What is the highest common divisor of 103 and 1957?
103
Calculate the highest common factor of 760 and 285.
95
Calculate the highest common factor of 28 and 763.
7
Calculate the highest common factor of 78 and 702.
78
Calculate the highest common divisor of 112 and 168.
56
Calculate the highest common divisor of 214 and 1819.
107
What is the greatest common factor of 340 and 306?
34
What is the greatest common divisor of 21 and 48?
3
Calculate the greatest common divisor of 4959 and 76.
19
What is the highest common factor of 639 and 252?
9
Calculate the greatest common divisor of 8 and 24.
8
Calculate the highest common factor of 3 and 339.
3
Calculate the highest common factor of 160 and 100.
20
What is the greatest common divisor of 100 and 16?
4
What is the highest common divisor of 5 and 3?
1
Calculate the highest common factor of 187 and 17.
17
What is the greatest common factor of 29 and 17951?
29
What is the highest common divisor of 763 and 109?
109
What is the greatest common factor of 128 and 4736?
128
Calculate the greatest common divisor of 436 and 8.
4
Calculate the highest common factor of 196 and 408.
4
What is the greatest common divisor of 320 and 340?
20
What is the greatest common divisor of 6757 and 493?
29
What is the highest common factor of 208 and 104?
104
What is the highest common factor of 266 and 57?
19
Calculate the highest common divisor of 201 and 16415.
67
Calculate the greatest common factor of 5 and 555.
5
Calculate the greatest common divisor of 24 and 280.
8
What is the greatest common divisor of 198 and 22?
22
Calculate the highest common divisor of 115 and 8165.
115
What is the highest common factor of 6398 and 56?
14
What is the greatest common factor of 959 and 14?
7
Calculate the greatest common divisor of 77 and 165.
11
Calculate the highest common divisor of 316 and 8690.
158
What is the highest common factor of 30 and 1005?
15
Calculate the highest common factor of 1246 and 21.
7
What is the highest common divisor of 2648 and 4?
4
Calculate the greatest common factor of 5590 and 390.
130
Calculate the greatest common divisor of 18 and 5391.
9
What is the highest common divisor of 328 and 112?
8
Calculate the highest common divisor of 50 and 450.
50
What is the greatest common factor of 25 and 15?
5
What is the greatest common factor of 22 and 38?
2
Calculate the highest common factor of 16 and 596.
4
Calculate the greatest common factor of 48 and 1320.
24
What is the highest common factor of 4752 and 66?
66
Calculate the highest common divisor of 37 and 10693.
37
What is the greatest common divisor of 27 and 69?
3
What is the greatest common factor of 60 and 2620?
20
Calculate the highest common factor of 160 and 580.
20
Calculate the highest common divisor of 62 and 31.
31
Calculate the greatest common factor of 200 and 1420.
20
What is the highest common factor of 3132 and 145?
29
Calculate the greatest common divisor of 11744 and 32.
32
Calculate the highest common divisor of 56 and 196.
28
Calculate the greatest common factor of 8903 and 614.
307
What is the greatest common divisor of 3 and 96?
3
Calculate the greatest common factor of 24 and 108.
12
Calculate the greatest common factor of 44 and 539.
11
What is the greatest common factor of 2 and 751?
1
Calculate the highest common factor of 957 and 87.
87
Calculate the greatest common factor of 24 and 48.
24
Calculate the greatest common divisor of 23 and 7291.
23
What is the highest common divisor of 6 and 4?
2
Calculate the highest common factor of 284 and 104.
4
What is the highest common factor of 133 and 602?
7
Calculate the greatest common divisor of 1616 and 1111.
101
Calculate the highest common divisor of 66 and 3454.
22
What is the highest common divisor of 253 and 3887?
23
Calculate the greatest common divisor of 171 and 9.
9
What is the greatest common factor of 195 and 117?
39
What is the highest common divisor of 52 and 3211?
13
What is the greatest common divisor of 266 and 76?
38
What is the greatest common divisor of 109332 and 36?
36
What is the highest common divisor of 164 and 3034?
82
Calculate the greatest common divisor of 21 and 147.
21
What is the greatest common factor of 3510 and 1430?
130
Calculate the greatest common divisor of 201 and 737.
67
What is the greatest common divisor of 186 and 20925?
93
Calculate the greatest common factor of 1760 and 2860.
220
What is the highest common divisor of 45 and 387?
9
Calculate the highest common factor of 14 and 20258.
14
Calculate the highest common divisor of 180 and 1740.
60
Calculate the greatest common divisor of 40 and 40.
40
Calculate the greatest common divisor of 87 and 13659.
87
Calculate the highest common factor of 1313 and 130.
13
What is the greatest common divisor of 912 and 342?
114
Calculate the highest common divisor of 18 and 18.
18
Calculate the highest common divisor of 192 and 1488.
48
Calculate the highest common factor of 169 and 1248.
13
What is the greatest common factor of 18 and 826?
2
What is the highest common divisor of 629 and 481?
37
Calculate the highest common divisor of 140 and 84.
28
What is the highest common divisor of 1001 and 364?
91
What is the highest common factor of 55 and 44?
11
What is the greatest common divisor of 338 and 6253?
169
What is the highest common divisor of 9460 and 20?
20
Calculate the highest common divisor of 84 and 28.
28
Calculate the highest common divisor of 459 and 51.
51
Calculate the greatest common divisor of 235 and 423.
47
What is the highest common divisor of 34 and 425?
17
Calculate the greatest common divisor of 24 and 8.
8
Calculate the highest common factor of 1610 and 17480.
230
What is the greatest common factor of 2132 and 52?
52
Calculate the greatest common divisor of 243 and 15.
3
Calculate the highest common divisor of 24 and 2376.
24
What is the highest common divisor of 84 and 2604?
84
What is the greatest common divisor of 44982 and 51?
51
Calculate the highest common divisor of 96 and 24.
24
What is the highest common divisor of 20 and 170?
10
Calculate the greatest common divisor of 10 and 6070.
10
Calculate the greatest common divisor of 112 and 406.
14
What is the greatest common factor of 4626 and 30?
6
What is the highest common factor of 4066 and 38?
38
What is the highest common divisor of 2646 and 392?
98
Calculate the greatest common divisor of 261 and 87.
87
Calculate the greatest common divisor